04
Let v(j) = -25*j + 51. Determine v(4).
-49
Let p(m) = -34*m + 197. What is p(6)?
-7
Let w(i) = 6*i - 393. Give w(16).
-297
Let b(c) = -53*c - 426. Determine b(-9).
51
Let f(z) = -z**3 + 22*z**2 - 27*z - 35. Give f(20).
225
Let z(s) = s**2 + 2*s - 182. What is z(-15)?
13
Let k(r) = 3*r**2 - 9*r - 86. What is k(-7)?
124
Let l(i) = -9*i**3 + i**2 + 8*i. What is l(-2)?
60
Let b(x) = x**3 - 65*x**2 - 65*x - 82. What is b(66)?
-16
Let o(l) = -l**2 - 45*l - 130. Calculate o(-42).
-4
Let f(d) = d**2 - 344*d - 1743. What is f(-5)?
2
Let a(g) = 5497*g - 16499. What is a(3)?
-8
Let l(o) = -15271*o - 1. Calculate l(0).
-1
Let d(s) = s**3 + 27*s**2 + 50*s + 25. What is d(-25)?
25
Let q(w) = -11*w**2 + 172*w + 67. Calculate q(16).
3
Let h(f) = f**3 - 9*f**2 + 21*f - 322. Determine h(10).
-12
Let n(h) = 212*h - 6379. What is n(30)?
-19
Let a(n) = 57*n**2 - 228*n. What is a(4)?
0
Let l(b) = -b**3 - 3*b**2 + 55*b + 29. What is l(-9)?
20
Let b(s) = 3*s**3 + 179*s**2 - 64*s - 214. Give b(-60).
26
Let h(s) = s**3 + 23*s**2 - 28*s - 93. What is h(-24)?
3
Let x(h) = -217*h + 1300. What is x(6)?
-2
Let r(t) = -94*t - 509. What is r(-6)?
55
Let m(h) = -h**3 - 335*h**2 - 669*h - 1002. Determine m(-333).
-3
Let d(k) = -2*k**3 + 27*k**2 - 16*k - 32. Calculate d(14).
-452
Let v(s) = 131*s + 480. What is v(-3)?
87
Let i(u) = -10*u - 22. Give i(-2).
-2
Let g(a) = -24*a + 395. Give g(16).
11
Let l(i) = 624*i + 193. Determine l(-2).
-1055
Let t(d) = -8*d**2 - 834*d - 166. What is t(-104)?
42
Let g(v) = -v**3 + v**2 - 175*v + 738. Determine g(4).
-10
Let a(j) = -j**3 + 43*j**2 + 9*j - 381. Calculate a(43).
6
Let r(b) = -b**2 + 55*b + 210. Calculate r(58).
36
Let q(x) = 18*x + 51. Determine q(11).
249
Let p(d) = -3*d**3 + 36*d**2 + 29*d + 49. What is p(13)?
-81
Let m(x) = 3*x**2 - 59*x + 2. What is m(19)?
-36
Let u(q) = -q**3 + 30*q**2 + 144*q - 3498. Give u(31).
5
Let d(m) = 579*m - 2342. Calculate d(4).
-26
Let z(d) = d**3 + 3*d**2 - 15*d - 47. What is z(-6)?
-65
Let x(l) = 1225*l + 20821. What is x(-17)?
-4
Let i(p) = p**3 + 16*p**2 - 33*p + 69. Give i(-17).
341
Let q(w) = 2*w - 31. Determine q(16).
1
Let x(z) = 2*z**3 + 82*z**2 - 363*z - 126. Determine x(-45).
9
Let i(n) = -2*n**3 - 17*n**2 - 5*n - 43. Determine i(-7).
-155
Let h(n) = -9*n + 194. Determine h(15).
59
Let n(h) = -217*h + 12607. Calculate n(58).
21
Let n(h) = -h**2 + 52*h - 42. Give n(50).
58
Let q(c) = -29*c + 711. Calculate q(23).
44
Let p(t) = -6*t**3 - 84*t**2 - 146*t - 27. Determine p(-12).
-3
Let d(m) = -18*m**2 - 684*m - 13. Calculate d(-38).
-13
Let r(a) = 15*a - 17. Give r(12).
163
Let n(y) = 327*y + 5890. Give n(-18).
4
Let x(f) = f**3 - 14*f**2 - 369*f - 1468. Determine x(-9).
-10
Let t(a) = 5*a**3 - 4*a**2 + 5*a - 2. Give t(3).
112
Let x(k) = 4*k**2 + 273*k - 1678. What is x(6)?
104
Let h(m) = -90*m - 1140. Give h(-12).
-60
Let i(f) = -85*f - 252. What is i(-3)?
3
Let r(m) = m**2 - 38*m - 114. Give r(-3).
9
Let h(q) = -q**3 - q**2 - 9*q - 142. Determine h(-5).
3
Let x(m) = 3*m**2 - 64*m - 54. What is x(22)?
-10
Let w(l) = -l**3 - 31*l**2 - 28*l + 10. What is w(-30)?
-50
Let x(w) = w**3 - 2*w**2 - 71*w - 6. Determine x(-7).
50
Let p(a) = -2*a**2 - 139*a - 24. Give p(0).
-24
Let o(b) = -b**3 + 16*b**2 + 19*b - 35. Calculate o(17).
-1
Let d(a) = -711*a + 2127. Calculate d(3).
-6
Let c(u) = u**3 - 249*u**2 + 2390*u + 6. Determine c(239).
6
Let h(i) = -i**3 + 14*i**2 - 7*i - 208. What is h(12)?
-4
Let r(l) = 53*l + 550. What is r(-17)?
-351
Let o(f) = 20*f - 617. Give o(32).
23
Let m(j) = -18*j**2 - 85*j + 614. Determine m(4).
-14
Let u(w) = -5824*w + 145606. Determine u(25).
6
Let w(z) = -217*z - 7375. Give w(-34).
3
Let p(b) = -b**2 - 28*b - 227. Determine p(-17).
-40
Let t(b) = 10*b**3 + 4*b - 5. Give t(1).
9
Let c(b) = 4*b**3 + 49*b**2 + 8*b - 54. Calculate c(-12).
-6
Let k(d) = -812*d + 17056. What is k(21)?
4
Let f(d) = -2*d**3 + 14*d**2 + 2*d + 1. Give f(7).
15
Let j(b) = b**3 - 19*b**2 + 68*b + 51. Calculate j(14).
23
Let i(b) = -b**3 + 110*b**2 + 1601*b + 31. Give i(-13).
5
Let u(z) = -z**3 + 13*z**2 - 75*z + 247. Give u(8).
-33
Let u(r) = 34*r - 96. What is u(6)?
108
Let k(o) = -12835*o + 128351. Calculate k(10).
1
Let o(j) = 19*j**2 + j + 2. Determine o(-1).
20
Let i(x) = -30*x - 1632. Calculate i(-53).
-42
Let y(t) = t**2 - 376*t - 19886. What is y(-47)?
-5
Let m(o) = -o**2 + o + 17295. Determine m(-131).
3
Let n(q) = -493*q + 129169. Calculate n(262).
3
Let n(i) = i**3 - 22*i**2 - 9*i + 77. Determine n(22).
-121
Let m(a) = -a**3 - 61*a**2 - 71*a - 655. Determine m(-60).
5
Let p(r) = -2*r**3 + 37*r**2 + 60*r + 74. Give p(20).
74
Let z(x) = 15*x**2 + 9*x + 25. Give z(4).
301
Let f(x) = -8*x**2 - 3*x + 65. Give f(8).
-471
Let h(o) = -o**2 - 8*o + 468. What is h(-26)?
0
Let y(a) = -a**2 + 34*a - 61. Calculate y(29).
84
Let c(q) = -4*q**2 - 74*q - 24. Determine c(-18).
12
Let p(w) = -w**3 + 35*w**2 + 72*w + 50. Determine p(37).
-24
Let w(v) = 14*v**3 - v**2 + 10*v + 12. Give w(-1).
-13
Let l(k) = -460*k**2 - 7358*k + 39. Give l(-16).
7
Let k(r) = -1139*r + 29630. Determine k(26).
16
Let w(x) = x**3 - 104*x**2 - 543*x - 212. Determine w(109).
6
Let g(h) = 3*h**3 + 12*h**2 - 36*h - 178. Determine g(-6).
-178
Let j(f) = 4*f**3 + 119*f**2 - 24*f + 209. What is j(-30)?
29
Let s(k) = k**3 - 26*k**2 - 117*k + 82. Give s(30).
172
Let h(o) = -60*o**2 - 27*o - 2. Calculate h(2).
-296
Let k(n) = n + 60. Give k(24).
84
Let w(g) = 695*g - 2091. Give w(3).
-6
Let n(k) = -k**2 - 34*k + 546. What is n(12)?
-6
Let n(s) = 5*s**3 - 12*s**2 - 22*s + 136. Determine n(3).
97
Let a(o) = o**3 - 4*o**2 - 5*o + 14. Give a(7).
126
Let f(t) = t**3 + 103*t**2 - 101*t + 311. Determine f(-104).
-1
Let j(m) = 27*m + 139. Determine j(-22).
-455
Let v(w) = -w**3 + 11*w + 5. What is v(-6)?
155
Let j(c) = -c**2 + 42*c - 420. Calculate j(15).
-15
Let g(a) = 3*a + 25. What is g(-6)?
7
Let h(f) = f**3 - 33*f**2 + 90*f + 15. What is h(30)?
15
Let s(p) = 2*p**3 - 4*p**2 - 62*p + 128. Calculate s(2).
4
Let l(v) = -v**3 + 58*v**2 - 110*v + 333. Calculate l(56).
445
Let q(u) = 2*u**2 - 391*u + 1191. Calculate q(3).
36
Let l(v) = -17280*v - 51847. Determine l(-3).
-7
Let k(s) = 2*s**3 + 11*s**2 - 6*s. Determine k(-5).
55
Let u(w) = w**2 + 14*w + 53. What is u(-8)?
5
Let x(g) = -g**2 + 492*g - 11562. Give x(25).
113
Let b(g) = 3*g**2 + 171*g + 138. Give b(-56).
-30
Let a(l) = 518*l - 4130. Calculate a(8).
14
Let j(l) = 3*l**3 - 188*l**2 + 106*l + 1109. What is j(62)?
-7
Let w(i) = 2*i**3 - 43*i**2 + 20*i + 91. Give w(20).
-709
Let w(d) = 24*d - 126. Calculate w(24).
450
Let t(a) = 2319*a + 62617. Calculate t(-27).
4
Let d(c) = -c**3 - 16*c**2 + 31*c - 57. What is d(-18)?
33
Let f(k) = -5352*k + 5350. Calculate f(1).
-2
Let k(p) = -19*p**3 - 5*p**2 + 8*p + 1. Calculate k(2).
-155
Let d(u) = u**3 - 11*u**2 - u + 1. Determine d(11).
-10
Let g(o) = o**3 - 32*o**2 - 21*o - 87. Give g(33).
309
Let c(y) = 301*y + 12636. Calculate c(-42).
-6
Let c(p) = p**3 - 7*p**2 + 11*p + 6. Calculate c(5).
11
Let m(d) = d**3 - 31*d**2 - 41*d + 59. What is m(32)?
-229
Let s(o) = 51*o + 1098. Determine s(-25).
-177
Let k(b) = b**2 + 60*b - 620. Determine k(9).
1
Let u(r) = -2*r**3 + 42*r**2 + 86*r + 2. Give u(-2).
14
Let m(v) = 51*v + 348. Determine m(-7).
-9
Let i(h) = h**3 + 9*h**2 - 14*h + 114. Determine i(-13).
-380
Let g(d) = -1774*d - 8878. Calculate g(-5).
-8
Let q(u) = u**2 + 864*u - 4344. Determine q(5).
1
Let f(k) = 2*k**2 - 102*k + 821. Determine f(41).
1
Let u(b) = -b**3 + 16*b**2 - 11*b - 12. What is u(10)?
478
Let i(v) = -2*v**2 - 2*v + 2846. Determine i(37).
34
Let o(s) = s**2 - 52*s + 686. What is o(28)?
14
Let i(y) = 12*y - 37. Determine i(10).
83
Let b(m) = 1269*m - 15239. Determine b(12).
-11
Let a(o) = 4*o**2 - 36*o + 40. What is a(12)?
184
Let l(q) = q**3 - 14*q**2 + 19*q + 71. Calculate l(12).
11
Let c(o) = -o**2 + 19*o - 116. Calculate c(21).
-158
Let i(p) = 749*p - 4466. Give i(6).
28
Let j(r) = -3*r**2 - 40*r + 75. Determine j(-16).
-53
Let o(w) = w**3 + 36*w**2 + 26*w - 1443. Calculate o(-34).
-15
Let z(j) = j**2 - j + 63. Give z(-8).
135
Let z(d) = -59*d + 860. Give z(15).
-25
Let f(t) = -5*t - 25. Determine f(-24).
95
Let i(r) = -r**2 + 42*r + 409. Calculate i(51).
-50
Let f(w) = -20*w**3 - 59*w**2 + 2*w - 14. Give f(0).
-14
L